{"id":592,"date":"2008-08-10T12:30:20","date_gmt":"2008-08-10T15:30:20","guid":{"rendered":"http:\/\/www.schwartzman.org.br\/sitesimon\/?page_id=592"},"modified":"2012-06-29T07:42:35","modified_gmt":"2012-06-29T10:42:35","slug":"projetos","status":"publish","type":"page","link":"https:\/\/www.schwartzman.org.br\/sitesimon\/projetos\/","title":{"rendered":"Projetos|Projects"},"content":{"rendered":"<p>PRINCIPAIS PROJETOS E ATIVIDADES INSTITUCIONAIS<br \/>\n(<em>Main projects and institutional activities<\/em>)<\/p>\n<p>2006 -7\u00a0<a href=\"http:\/\/www.schwartzman.org.br\/simon\/projeto_ianas.htm\" target=\"_self\"> Universidade e Desenvolvimento na Am\u00e9rica Latina: experi\u00eancias exitosas de centros de pesquisa<\/a><\/p>\n<p>2002 &#8211;\u00a0<a href=\"http:\/\/www.schwartzman.org.br\/simon\/delphi\/index.htm\" target=\"main\">O Futuro da Educa\u00e7\u00e3o na Am\u00e9rica Latina e no Caribe<\/a> (UNESCO, 2002)<\/p>\n<p>1994 &#8211; 1998 &#8211;\u00a0<a href=\"http:\/\/www.schwartzman.org.br\/simon\/ibge.htm\" target=\"main\">Funda\u00e7\u00e3o Instituto Brasileiro de Geografia e Estat\u00edsitca &#8211; IBGE<\/a><\/p>\n<p>1993 &#8211; 1994 &#8211;\u00a0<a href=\"http:\/\/www.schwartzman.org.br\/simon\/1994_ctprojeto.htm\" target=\"_self\">Pol\u00edtica de Ci\u00eancia e Tecnologia (1993-1994)<\/a> [<a href=\"http:\/\/www.schwartzman.org.br\/simon\/scipol\/summ1.htm\" target=\"main\">vol. 1<\/a> &#8211;\u00a0<a href=\"http:\/\/www.schwartzman.org.br\/simon\/scipol\/summ2.htm\">vol. 2<\/a> &#8211;\u00a0<a href=\"http:\/\/www.schwartzman.org.br\/simon\/scipol\/summ3.htm\">vol. 3<\/a> ]<\/p>\n<p>1990 &#8211; 1994 &#8211;\u00a0<a href=\"http:\/\/www.schwartzman.org.br\/simon\/comp_al.html\" target=\"main\">Estudos Comparados sobre as Pol\u00edticas de Educa\u00e7\u00e3o Superior na Am\u00e9rica Latina<\/a> (NUPES, Universidade de S\u00e3o Paulo)<\/p>\n<p>1989 &#8211; <a href=\"http:\/\/www.schwartzman.org.br\/simon\/1989uerj.pdf\">Relat\u00f3rio da Comiss\u00e3o Acad\u00eamica de An\u00e1lise Institucional da Universidade do Estado do Rio de Janeiro<\/a><\/p>\n<p>1990 &#8211; 1994 &#8211;\u00a0<a title=\"Projeto sobre a Trajet\u00f3ria Profissional dos Alunos da USP, NUPES \/USP (1990-1994)\" href=\"https:\/\/www.schwartzman.org.br\/sitesimon\/?page_id=3474\">Projeto sobre a Trajet\u00f3ria Profissional dos Alunos da USP,<\/a> NUPES \/USP<\/p>\n<p>1987 &#8211; <a href=\"http:\/\/www.schwartzman.org.br\/simon\/nupes87.pdf\" target=\"_blank\">Proposta de organiza\u00e7\u00e3o do N\u00facleo de Estudos sobre Educa\u00e7\u00e3o Superior e Pol\u00edtica Cient\u00edfica na Universidade de S\u00e3o Paulo<\/a> (NUPES)<\/p>\n<p>1985 &#8211;\u00a0<a href=\"http:\/\/www.schwartzman.org.br\/simon\/comissao.htm\" target=\"main\">A Comiss\u00e3o Nacional de Reformula\u00e7\u00e3o do Ensino Superior de 1985<\/a><\/p>\n<p>1985 &#8211;\u00a0<a href=\"http:\/\/www.schwartzman.org.br\/simon\/icsopru_geral.htm\" target=\"main\">O Projeto sobre efici\u00eancia e desempenho das Unidades de Pesquisa Cient\u00edfica no Brasil ICSOPRU\/UNESCO<\/a><\/p>\n<p><a title=\"Projeto Retorno \u2013 Avalia\u00e7\u00e3o do Impacto do Treinamento, no Exterior, de Pessoal Qualificado\" href=\"https:\/\/www.schwartzman.org.br\/sitesimon\/?page_id=2771\">1972 -3 Projeto Retorno &#8211; A avalia\u00e7\u00e3o do impacto do treinamento, no exterior, de pessoal qualificado<\/a><\/p>\n<!-- AddThis Advanced Settings generic via filter on the_content --><!-- AddThis Share Buttons generic via filter on the_content -->","protected":false},"excerpt":{"rendered":"<p>PRINCIPAIS PROJETOS E ATIVIDADES INSTITUCIONAIS (Main projects and institutional activities) 2006 -7\u00a0 Universidade e Desenvolvimento na Am\u00e9rica Latina: experi\u00eancias exitosas de centros de pesquisa 2002 &#8211;\u00a0O Futuro da Educa\u00e7\u00e3o na Am\u00e9rica Latina e no Caribe (UNESCO, 2002) 1994 &#8211; 1998 &#8211;\u00a0Funda\u00e7\u00e3o Instituto Brasileiro de Geografia e Estat\u00edsitca &#8211; IBGE 1993 &#8211; 1994 &#8211;\u00a0Pol\u00edtica de Ci\u00eancia &hellip; <a href=\"https:\/\/www.schwartzman.org.br\/sitesimon\/projetos\/\" class=\"more-link\">Continue reading<span class=\"screen-reader-text\"> &#8220;Projetos|Projects&#8221;<\/span><\/a><!-- AddThis Advanced Settings generic via filter on get_the_excerpt --><!-- AddThis Share Buttons generic via filter on get_the_excerpt --><\/p>\n","protected":false},"author":1,"featured_media":0,"parent":0,"menu_order":0,"comment_status":"closed","ping_status":"open","template":"page-template.php","meta":{"_crdt_document":"","footnotes":""},"class_list":["post-592","page","type-page","status-publish","hentry"],"_links":{"self":[{"href":"https:\/\/www.schwartzman.org.br\/sitesimon\/wp-json\/wp\/v2\/pages\/592","targetHints":{"allow":["GET"]}}],"collection":[{"href":"https:\/\/www.schwartzman.org.br\/sitesimon\/wp-json\/wp\/v2\/pages"}],"about":[{"href":"https:\/\/www.schwartzman.org.br\/sitesimon\/wp-json\/wp\/v2\/types\/page"}],"author":[{"embeddable":true,"href":"https:\/\/www.schwartzman.org.br\/sitesimon\/wp-json\/wp\/v2\/users\/1"}],"replies":[{"embeddable":true,"href":"https:\/\/www.schwartzman.org.br\/sitesimon\/wp-json\/wp\/v2\/comments?post=592"}],"version-history":[{"count":2,"href":"https:\/\/www.schwartzman.org.br\/sitesimon\/wp-json\/wp\/v2\/pages\/592\/revisions"}],"predecessor-version":[{"id":3476,"href":"https:\/\/www.schwartzman.org.br\/sitesimon\/wp-json\/wp\/v2\/pages\/592\/revisions\/3476"}],"wp:attachment":[{"href":"https:\/\/www.schwartzman.org.br\/sitesimon\/wp-json\/wp\/v2\/media?parent=592"}],"curies":[{"name":"wp","href":"https:\/\/api.w.org\/{rel}","templated":true}]}}